 3)
-1
Evaluate 19 + -18 - (-4 + 3).
2
Evaluate 0 + 0 - (5 - 6).
1
-3 - -9 - (4 - 2 - -2)
2
What is the value of 2 - ((0 - (-11 + 7)) + 1)?
-3
Evaluate (1 - 8 - -3) + -5 + 7.
-2
Calculate -10 + 8 - -6 - (12 - -2).
-10
What is -5 - (-2 - (3 - 5)) - -9?
4
What is 13 + (-12 - -3) - (10 - -2)?
-8
-5 + 8 + 1 - 1
3
What is the value of 0 + 0 + (-2 - 0) + 0?
-2
Evaluate 6 + -6 + 0 + (-3 - -11).
8
What is the value of -1 + -3 + 1 - (13 + -11)?
-5
Calculate -3 + 1 - (1 + -1).
-2
-3 - (1 - (7 + -4))
-1
(0 - -3) + 3 + (-6 - 1)
-1
Evaluate -9 + 11 + (-1 - 6).
-5
8 + -6 + -6 + -1
-5
What is the value of 0 - (16 - 12 - 7)?
3
Calculate 2 - 5 - (-3 + 6 + 1).
-7
Evaluate 6 + (-8 + -1 - -12).
9
What is -7 - (-2 + (1 - -3) + -4)?
-5
Calculate -3 + 1 + 13 + 0 + -4.
7
(-6 - -2) + (0 + 3 - -3)
2
Calculate -3 - -1 - (-1 + 3).
-4
What is the value of 0 + (-12 + 5 - -3)?
-4
What is 6 - (10 - 8) - 14?
-10
What is -7 + (2 - -3 - 1)?
-3
What is (-2 - -5) + -4 + -5?
-6
What is the value of -5 + (-3 - -13) + -9?
-4
What is -16 - (-4 - 0 - (20 - 19))?
-11
What is the value of 2 - (1 + 0 + 2 + 0)?
-1
What is 5 - 4 - -4 - 3?
2
Evaluate 9 + -8 + (0 - -3).
4
Calculate -2 + (-1 - (6 - -1) - -6).
-4
What is 3 - (4 - (1 - (0 + -4)))?
4
-7 + (2 - (-13 + 1))
7
What is (-2 - -7) + (5 - 14)?
-4
Calculate -20 + 21 + (9 - 5).
5
Evaluate 4 + -6 + 3 + 0.
1
Calculate -2 + (4 - -8 - 4).
6
What is 3 + 5 + -4 + -2 - -3?
5
What is 3 + -1 + -3 + (-2 - -7)?
4
What is (1 - -3) + -4 - -4 - 7?
-3
Calculate -2 + 6 + -11 - -2.
-5
What is 1 - (-3 + -1) - 9?
-4
What is (8 - -1) + -1 + -3?
5
Evaluate 7 + -3 - (1 - 1).
4
(-2 - 4) + -9 + (0 - -19)
4
Evaluate -2 + (-5 - -5 - -4) + -5.
-3
Evaluate 1 - ((-1 - 1) + 0 + 1).
2
Calculate -4 + (3 - 1 - -7).
5
Evaluate 1 - (6 + (-1 - 2) + -4).
2
What is the value of (0 - 1) + 6 + -3?
2
Evaluate 21 + -26 - (-9 + 1).
3
What is (-1 + -3 - (-7 + -1)) + -3?
1
What is the value of 3 + 0 - (-2 + 9)?
-4
(2 + 2 - 9) + 1 + 6
2
What is the value of 3 + 11 + -2 - 15?
-3
What is the value of -4 + (4 - (2 + -1))?
-1
-1 + 0 + -3 + -1 + 9
4
Evaluate (5 - 1) + -4 + -4.
-4
-14 + 12 + -7 + 2
-7
Calculate -7 + 2 + (17 + -6 - 6).
0
What is 6 - (-8 + (3 - -6))?
5
Calculate -4 - 2 - -3 - -1 - -6.
4
-5 + (15 + 1 - 4) + -2
5
Calculate -4 - (-7 - -3) - (-1 + -1).
2
-11 - -9 - (2 + -2 + -6)
4
What is the value of (-2 + -1 - (-33 - -25)) + -1?
4
What is the value of (-6 - (5 + -25)) + -8 - 13?
-7
6 - (0 + 1 + 3 + -2)
4
Evaluate (11 - 23) + 9 + -7.
-10
-9 + 3 + 2 + 3
-1
Calculate -10 - -10 - (-4 + (0 - 2)).
6
Evaluate 1 + 2 - (-11 - -5).
9
Calculate 17 - 11 - (5 + -2 + 1).
2
Calculate 1 + (-14 - -4) - -9.
0
Calculate -2 - (-14 - (-4 - 10)).
-2
What is the value of 1 - (0 + -5 + 1)?
5
What is the value of (-8 - -5 - -13) + -4 - -3?
9
7 - (-10 - (-2 - 9))
6
70 + -66 + (2 - 9)
-3
8 - (1 + 15 + -7)
-1
What is -15 + (4 - (-1 - 3))?
-7
What is (-4 - 0 - (4 - 5)) + 6?
3
0 - (2 + (-6 - (-1 - -2)))
5
7 - 4 - -1 - 2
2
What is the value of -5 + -8 + (5 - -7)?
-1
What is the value of (0 - (-2 - 5)) + 2 + -7?
2
Evaluate (-4 - 0) + (24 - 9) + -4.
7
What is the value of 1 + -8 - -1 - -4 - 7?
-9
Calculate (-7 - -3 - -6) + (2 - 0).
4
Evaluate -20 - (7 + (0 - 13)) - -4.
-10
27 + -29 - (0 - -1)
-3
Calculate 2 + 8 + -2 - (63 - 48).
-7
What is the value of (-7 - 0) + 5 - (12 + -7)?
-7
2 + 2 - (6 - -3)
-5
0 + (10 + -4 - (16 + 1))
-11
5 + -8 + 12 + -3 + -1
5
Calculate 0 - (0 - (-3 - 2) - 2).
-3
What is 119 - 120 - (0 - 1)?
0
Calculate -2 + -1 + (-1 - (7 + -9)).
-2
Evaluate (-7 - -1 - -2) + (14 - 16).
-6
-7 + 10 + 1 + 1
5
What is 12 - 2 - (-7 - -13)?
4
Calculate -3 + 7 + (-1 - 6).
-3
What is the value of 13 - (-9 - (5 - 23))?
4
What is the value of (4 - (-6 + 10)) + -1 + 0?
-1
2 + (8 - 3 - 7)
0
What is -6 - ((3 - 3) + 1 + -5)?
-2
Evaluate -1 + (-9 - -6 - -2).
-2
What is -14 + 11 + 8 + -1 + -2?
2
Calculate 43 + -51 + (-3 - -3).
-8
(9 - 3) + 0 + -4
2
Calculate -5 + (11 - 5) + 5 + 0.
6
Calculate -6 + (2 - -1 - (-28 + 15)).
10
Calculate 3 + -1 + -1 + -1 + 2.
2
Evaluate -16 + 11 - (-1 - -1).
-5
Calculate (-135 - -132) + (-1 - -1).
-3
What is the value of -4 - (-10 - (-9 + -5))?
-8
Calculate (-4 - (-3 - -1)) + 18 + -12.
4
What is 12 + -4 + -11 + (-5 - -1)?
-7
What is the value of -5 + -13 + 27 - (0 + 5)?
4
Calculate (3 - 0) + (-4 - -1) + 3.
3
Evaluate 1 - 6 - (-12 + 7).
0
What is the value of 0 + -3 + 5 - 6?
-4
What is the value of 0 + (0 - -3) + (30 - 27)?
6
Calculate 2 + -14 + 11 - 0.
-1
-12 + 1 + (9 - -9 - 10)
-3
Calculate -14 - (7 + -3 + (7 - 19)).
-6
Evaluate -6 + 1 - (1 + -2 - 3).
-1
Calculate (-19 - -12) + 0 + 2.
-5
What is -6 - (-10 + 4 - -3)?
-3
What is 15 - 19 - (-2 + 3 + -1)?
-4
(-4 - -3 - -4) + -3 + 0
0
Evaluate 0 + (-3 + 5 - (3 - 0)).
-1
What is 1 + -4 - (-4 - (5 - 1))?
5
Calculate 26 - 5 - (1 - -11).
9
3 - ((4 - 4 - -3) + 2)
-2
What is the value of -61 + 46 - (-9 + -1)?
-5
What is 3 + (-3 - -2) + 3?
5
What is the value of -2 - (-5 + (-1 - -2))?
2
What is 14 + (-15 - 6) + (7 - 1)?
-1
Evaluate -5 + -2 + 7 + -1.
-1
What is the value of 2 - 3 - -2 - 3?
-2
Evaluate -34 + 34 + 2 + (1 - 0).
3
Calculate 0 - 21 - -8 - -6.
-7
Evaluate 0 + 7 - (-57 + 65).
-1
-8 + (10 - (-8 + (5 - 5)))
10
Evaluate -7 - (-8 + -4 + 5).
0
(3 - (2 - -1)) + 3
3
What is -6 + (-3 - -6) + 5?
2
What is the value of 1 - (-3 + 2 + 1)?
1
What is -3 + (20 - 22 - (-1 - 8))?
4
What is (2 - 12) + -7 + 7?
-10
13 + 1 - 10 - 2
2
0 + -6 + (17 - (18 - -2))
-9
What is 26 + -21 - (2 - -3) - 4?
-4
Evaluate 4 - (-3 + (4 - (-2 + 4))).
5
10 - (16 - 4) - 7
-9
What is the value of -1 - (-2 + 6) - (0 - 0)?
-5
What is the value of 14 - ((3 - 3) + 3) - 5?
6
What is the value of 1 + -1 + -2 + (10 - 7)?
1
Evaluate (3 - 4) + (-1 - (-7 + 1)).
4
Evaluate 4 - (1 + 5) - -5.
3
-1 + (3 + 0 - (-1 - -5))
-2
2 - (2 - (5 + -4))
1
What is -9 + -9 + 15 + -4?
-7
What is the value of -3 - -4 - (-9 - -12)?
-2
What is 0 + 2 + 21 + -13?
10
What is 7 + 10 + -14 + 4?
7
What is -7 + -2 + 3 - -12 - 2?
4
Evaluate -1 - ((10 - 7) + (0 - 2)).
-2
Evaluate 0 + (0 - -2 - 4).
-2
What is 0 + -4 - (-6 - -2 - -4)?
-4
-10 + -1 + -1 + 131 + -130
-11
What is the value of (-1 - 5) + 2 - (-64 + 61)?
-1
What is -2 + 6 + 5 + -13?
-4
Calculate 3 - (-3 + (-3 - -5) - -6).
-2
What is the value of 2 + -4 + -6 + 4?
-4
Calculate 2 + -2 - ((6 - 1) + -1).
-4
Calculate (4 - (4 + (-5 - -2))) + -4.
-1
Evaluate 0 - (-3 - 1 - -4).
0
What is the value of 1 + -4 + 4 + 4?
5
Calculate (7 - 12 - -8) + 1.
4
Evaluate 3 + (-19 - -16) + (-3 - 0).
-3
What is the value of -3 + -5 + 11 + -7 + 3?
-1
Evaluate 0 + 3 - 2 - 2.
-1
What is the value of (-4 + -3 - -2) + 13 - 0?
8
-3 + 3 + (1 - -4)
5
Calculate 1 - (1 - -3) - -9.
6
What is the value of 8 + (-6 - -1) + 1 + 4?
8
0 - (-7 + 2 - (-3 + 1))
3
Evaluate 3 + -3 + -1 + 2 - 6.
-5
-5 + (1 - (-10 + 5))
1
What is the value of 8 - (6 + -4 + 0)?
6
Evaluate 2 - ((4 - -2) + -5).
1
What is the value of -7 - -1 - (-4 - -4)?
-6
Evaluate 3 - (7 - 4) - (-1 + 2).
-1
Calculate 13 + -9 + 3 - (-9 - -6).
10
What is the value of 5 + -3 + -2 + (12 - 8)?
4
What is -9 + -3 + 7 + -1?
-6
Calculate (2 - (3 - -1)) + 2.
0
-4 - ((4 + -3 - 3) + -3)
1
What is 1 - (-1 + 3) - (-9 - -15)?
-7
Calculate -10 + 17 + (-7 - (-4 - -4)).
0
What is the value of 2 - 0 - (-8 + (2 - -3))?
5
What is the value of -6 + 9 - (-1 - 0 - 1)?
5
What is the value of (6 - 2 - 4) + -1?
-1
What is 7 + -1 - 3 - 10?
-7
-6 - (-1 + -11) - 4
2
Calculate -3 - -20 - 9 - 5.
3
(-2 - (0 + -4)) + -22 + 24
4
What is (5 - 2 - 10) + 10?
3
Calculate -4 + 2 - (3 + -5).
0
What is 3 + (-4 - 10) + 4?
-7
Calculate (5 - (13 - 6)) + -1.
-3
Evaluate -9 - (-7 + -1 + (-13 - -18)).
-6
What is the value of 4 + -2 - (6 + -8)?
4
What is the value of 0 + (-1 - (2 + -7))?
4
What is the value of -1 + 9 + (1 - 5) - 7?
-3
What is 5 + -5 + (0 + 2 - 2)?
0
Calculate -41 - -33 - (1 - 15).
6
Evaluate 0 + (2 - (8 - 3)).
-3
What is the value of 5 - (-6 - -22) - (3 - 6)?
-8
-3 + (10 - 6) + 0
1
What is the value of 0 - (8 - (11 + -9))?
-6
What is the value of 6 + (-23 - -14) - (-1 + 1)?
-3
What is -8 + (-2 - -4) + 0?
-6
Calculate 3 + (-21 - -5) + 3 + 5.
-5
What is the value of (-7 - -1) + 5 + (-3 - 1)?
-5
What is the value of (-1 + 2 - (4 - 0)) + 2?
-1
Evaluate -4 + 16 + -1 - 5.
6
What is 8 + -11 + -3 + 16 + -4?
6
2 + 2 - (10 + 2)
-8
What is (-4 - 2 - -1) + 5?
0
Evaluate (-3 - -1) +